{"id":15602,"date":"2023-10-07T12:08:39","date_gmt":"2023-10-07T15:08:39","guid":{"rendered":"http:\/\/patrimonio.art.br\/opocedoc\/?post_type=tnc_col_3977_item&#038;p=15602"},"modified":"2023-11-15T10:13:48","modified_gmt":"2023-11-15T13:13:48","slug":"escola-municipal-indigena-luiz-carlos-de-mattos-areosa","status":"publish","type":"tnc_col_3977_item","link":"https:\/\/patrimonio.art.br\/opocedoc\/diretorio-escolas-indigenas\/escola-municipal-indigena-luiz-carlos-de-mattos-areosa\/","title":{"rendered":"ESCOLA MUNICIPAL INDIGENA LUIZ CARLOS DE MATTOS AREOSA"},"content":{"rendered":"<p>C\u00f3digo INEP: 13104780<br \/>\nLocaliza\u00e7\u00e3o: Rural<br \/>\nLocaliza\u00e7\u00e3o diferenciada: Terra ind\u00edgena<br \/>\nCategoria Administrativa: P\u00fablica<br \/>\nPorte da Escola: Entre 51 e 200 matr\u00edculas de escolariza\u00e7\u00e3o<br \/>\nEtapas e Modalidades de Ensino Oferecidas: Educa\u00e7\u00e3o Infantil, Ensino Fundamental, Educa\u00e7\u00e3o de Jovens Adultos<br \/>\nOutras Ofertas Educacionais:<br \/>\nEndere\u00e7o: COMUNIDADE RIBEIRINHA RENASCER, S\/N IGARAPE DO SOBRADINH. ZONA RURAL. 69730-000 Novo Air\u00e3o &#8211; AM.<br \/>\nTelefone:<\/p>\n","protected":false},"featured_media":5007,"parent":0,"menu_order":0,"comment_status":"closed","ping_status":"closed","template":"","format":"standard","blocksy_meta":"","_links":{"self":[{"href":"https:\/\/patrimonio.art.br\/opocedoc\/wp-json\/wp\/v2\/tnc_col_3977_item\/15602"}],"collection":[{"href":"https:\/\/patrimonio.art.br\/opocedoc\/wp-json\/wp\/v2\/tnc_col_3977_item"}],"about":[{"href":"https:\/\/patrimonio.art.br\/opocedoc\/wp-json\/wp\/v2\/types\/tnc_col_3977_item"}],"replies":[{"embeddable":true,"href":"https:\/\/patrimonio.art.br\/opocedoc\/wp-json\/wp\/v2\/comments?post=15602"}],"version-history":[{"count":0,"href":"https:\/\/patrimonio.art.br\/opocedoc\/wp-json\/wp\/v2\/tnc_col_3977_item\/15602\/revisions"}],"wp:featuredmedia":[{"embeddable":true,"href":"https:\/\/patrimonio.art.br\/opocedoc\/wp-json\/wp\/v2\/media\/5007"}],"wp:attachment":[{"href":"https:\/\/patrimonio.art.br\/opocedoc\/wp-json\/wp\/v2\/media?parent=15602"}],"curies":[{"name":"wp","href":"https:\/\/api.w.org\/{rel}","templated":true}]}}

<p>Código INEP: 13104780<br />
Localização: Rural<br />
Localização diferenciada: Terra indígena<br />
Categoria Administrativa: Pública<br />
Porte da Escola: Entre 51 e 200 matrículas de escolarização<br />
Etapas e Modalidades de Ensino Oferecidas: Educação Infantil, Ensino Fundamental, Educação de Jovens Adultos<br />
Outras Ofertas Educacionais:<br />
Endereço: COMUNIDADE RIBEIRINHA RENASCER, S/N IGARAPE DO SOBRADINH. ZONA RURAL. 69730-000 Novo Airão &#8211; AM.<br />
Telefone:</p>
